r when 1530615 is divided by 1831?
1730
Calculate the remainder when 2593960 is divided by 136474.
954
What is the remainder when 214063 is divided by 26757?
7
What is the remainder when 7050863 is divided by 314?
307
What is the remainder when 910139 is divided by 3991?
191
Calculate the remainder when 153382 is divided by 8072.
14
What is the remainder when 1325149 is divided by 349?
345
Calculate the remainder when 1597970 is divided by 822.
2
What is the remainder when 9946011 is divided by 236?
27
What is the remainder when 195439 is divided by 27916?
27
What is the remainder when 17002113 is divided by 167?
10
What is the remainder when 4662340 is divided by 9?
7
Calculate the remainder when 30431953 is divided by 130.
123
Calculate the remainder when 24243526 is divided by 346.
344
What is the remainder when 1831987 is divided by 122131?
22
Calculate the remainder when 254494 is divided by 84137.
2083
What is the remainder when 11843574 is divided by 2685?
39
What is the remainder when 181888 is divided by 176453?
5435
Calculate the remainder when 43977 is divided by 2816.
1737
What is the remainder when 56066 is divided by 5298?
3086
Calculate the remainder when 11344987 is divided by 3781660.
7
Calculate the remainder when 7902246 is divided by 250.
246
What is the remainder when 1247998 is divided by 414980?
3058
Calculate the remainder when 182907 is divided by 297.
252
Calculate the remainder when 258423 is divided by 270.
33
Calculate the remainder when 202011337 is divided by 101005661.
15
Calculate the remainder when 1479928 is divided by 184883.
864
Calculate the remainder when 7660860 is divided by 316.
72
What is the remainder when 990826 is divided by 245?
46
Calculate the remainder when 34460101 is divided by 17230047.
7
What is the remainder when 1097367 is divided by 182876?
111
Calculate the remainder when 1232904 is divided by 2370.
504
Calculate the remainder when 1415715 is divided by 1151.
1136
Calculate the remainder when 2126720 is divided by 229.
226
What is the remainder when 186971 is divided by 20694?
725
What is the remainder when 1658010 is divided by 400?
10
Calculate the remainder when 2510840080 is divided by 807.
805
What is the remainder when 1405904 is divided by 13?
6
Calculate the remainder when 696483631 is divided by 29.
27
What is the remainder when 7332690 is divided by 666608?
2
Calculate the remainder when 40288870 is divided by 1807.
1805
Calculate the remainder when 1603417 is divided by 9659.
23
What is the remainder when 20246072 is divided by 509?
88
Calculate the remainder when 1304120 is divided by 2415.
20
What is the remainder when 19081463 is divided by 28?
23
What is the remainder when 21722 is divided by 6799?
1325
Calculate the remainder when 164199386 is divided by 27366564.
2
Calculate the remainder when 1283360 is divided by 142594.
14
Calculate the remainder when 7967 is divided by 7625.
342
What is the remainder when 631583 is divided by 207?
26
What is the remainder when 2695450 is divided by 2695449?
1
What is the remainder when 8637448 is divided by 1649?
1635
Calculate the remainder when 40183548 is divided by 14.
6
Calculate the remainder when 2442575 is divided by 68.
15
What is the remainder when 10850 is divided by 2646?
266
Calculate the remainder when 612559 is divided by 43751.
45
Calculate the remainder when 345623 is divided by 220.
3
What is the remainder when 334964 is divided by 10146?
146
What is the remainder when 105811109 is divided by 27462?
23
What is the remainder when 583621 is divided by 7777?
346
Calculate the remainder when 1468487 is divided by 1467906.
581
What is the remainder when 119794 is divided by 39919?
37
Calculate the remainder when 289005 is divided by 19256.
165
Calculate the remainder when 4140718 is divided by 20.
18
What is the remainder when 40010 is divided by 12421?
2747
What is the remainder when 2560594 is divided by 75311?
20
What is the remainder when 55974368 is divided by 830?
828
What is the remainder when 18612803 is divided by 2771?
2767
What is the remainder when 89844727 is divided by 42?
7
Calculate the remainder when 179295 is divided by 19915.
60
Calculate the remainder when 6674764 is divided by 79460.
124
What is the remainder when 76391 is divided by 6893?
568
What is the remainder when 2370656 is divided by 3311?
3291
What is the remainder when 1071215 is divided by 2632?
2623
Calculate the remainder when 2998409 is divided by 16.
9
What is the remainder when 12378659 is divided by 785?
779
Calculate the remainder when 136280 is divided by 133376.
2904
Calculate the remainder when 76773 is divided by 11957.
5031
What is the remainder when 23996164 is divided by 30?
4
Calculate the remainder when 244270 is divided by 327.
1
Calculate the remainder when 35193860 is divided by 6894.
6884
What is the remainder when 20226248 is divided by 625?
623
Calculate the remainder when 1015840 is divided by 28.
0
What is the remainder when 598641 is divided by 35213?
20
What is the remainder when 5879997 is divided by 3750?
3747
What is the remainder when 1169511 is divided by 414?
375
Calculate the remainder when 11609545 is divided by 4214.
4189
What is the remainder when 49162677 is divided by 1512?
1509
Calculate the remainder when 95439 is divided by 95343.
96
What is the remainder when 2700655 is divided by 2663?
373
What is the remainder when 348380 is divided by 346943?
1437
Calculate the remainder when 25385339 is divided by 202.
201
What is the remainder when 167421 is divided by 1169?
254
Calculate the remainder when 15062083 is divided by 289655.
23
What is the remainder when 178531 is divided by 5410?
1
What is the remainder when 3836712 is divided by 803?
781
What is the remainder when 9899034 is divided by 148?
54
What is the remainder when 524624 is divided by 131112?
176
Calculate the remainder when 345440 is divided by 1556.
8
Calculate the remainder when 1984424 is divided by 61.
33
Calculate the remainder when 813085 is divided by 4871.
4499
What is the remainder when 8408468 is divided by 282?
74
Calculate the remainder when 1261855 is divided by 123.
121
What is the remainder when 64611 is divided by 8550?
4761
What is the remainder when 12353161 is divided by 3721?
3162
What is the remainder when 412119 is divided by 593?
577
What is the remainder when 154242725 is divided by 112?
21
Calculate the remainder when 10599757 is divided by 15.
7
Calculate the remainder when 3839354 is divided by 284.
242
Calculate the remainder when 1414 is divided by 510.
394
Calculate the remainder when 5445861 is divided by 25.
11
What is the remainder when 1148531 is divided by 113?
112
Calculate the remainder when 5440 is divided by 510.
340
Calculate the remainder when 14247153 is divided by 1511.
1445
What is the remainder when 828988 is divided by 6539?
5074
What is the remainder when 7602493 is divided by 364?
353
Calculate the remainder when 4596932 is divided by 9907.
84
What is the remainder when 52028 is divided by 862?
308
Calculate the remainder when 106219241 is divided by 14.
9
What is the remainder when 898217 is divided by 1449?
1286
Calculate the remainder when 1482044 is divided by 89.
16
What is the remainder when 14443744 is divided by 2047?
112
What is the remainder when 5125885 is divided by 298?
285
What is the remainder when 41460932 is divided by 753?
752
Calculate the remainder when 6777636 is divided by 82654.
8
What is the remainder when 3693465 is divided by 29?
25
Calculate the remainder when 37069 is divided by 9259.
33
What is the remainder when 1791856 is divided by 89589?
76
What is the remainder when 89614 is divided by 1197?
1036
What is the remainder when 977315 is divided by 178?
95
What is the remainder when 12318935 is divided by 2053153?
17
Calculate the remainder when 6057198 is divided by 784.
14
What is the remainder when 1782907787 is divided by 1524?
1523
What is the remainder when 53500027 is divided by 1861?
1860
Calculate the remainder when 553829 is divided by 36.
5
What is the remainder when 3349665 is divided by 956?
797
What is the remainder when 14679 is divided by 3943?
2850
Calculate the remainder when 995434 is divided by 3445.
3274
What is the remainder when 10071